(base 10) to base 12.
4
What is -11 (base 8) in base 14?
-9
What is -3 (base 8) in base 14?
-3
-2 (base 8) to base 13
-2
What is 18 (base 13) in base 8?
25
What is -11100010 (base 2) in base 12?
-16a
What is -6 (base 10) in base 5?
-11
What is -1220 (base 4) in base 15?
-6e
Convert -1d (base 15) to base 5.
-103
Convert -223 (base 5) to base 2.
-111111
Convert -403 (base 5) to base 4.
-1213
What is 5b (base 12) in base 2?
1000111
-2 (base 6) to base 15
-2
What is -412 (base 5) in base 8?
-153
Convert -12 (base 9) to base 16.
-b
-44 (base 11) to base 3
-1210
-3 (base 10) to base 11
-3
What is 344 (base 7) in base 3?
20122
Convert -13 (base 12) to base 8.
-17
-7 (base 11) to base 4
-13
What is -20 (base 3) in base 5?
-11
Convert -2 (base 13) to base 16.
-2
Convert -14 (base 11) to base 13.
-12
What is -1 (base 7) in base 12?
-1
What is 2 (base 15) in base 6?
2
What is 14 (base 10) in base 8?
16
-29 (base 11) to base 14
-23
Convert -3 (base 10) to base 5.
-3
Convert 11111000 (base 2) to base 8.
370
Convert 11010 (base 2) to base 12.
22
Convert 0 (base 3) to base 8.
0
Convert 74 (base 13) to base 2.
1011111
Convert -1 (base 8) to base 13.
-1
-1 (base 16) to base 11
-1
Convert -d (base 15) to base 13.
-10
Convert -157 (base 10) to base 8.
-235
What is 112 (base 5) in base 16?
20
What is -159 (base 14) in base 10?
-275
2 (base 10) to base 9
2
What is -8 (base 9) in base 16?
-8
What is 53 (base 7) in base 16?
26
What is -5c (base 14) in base 3?
-10001
2 (base 13) to base 7
2
79 (base 10) to base 9
87
Convert 6 (base 12) to base 9.
6
What is -c (base 13) in base 2?
-1100
-2 (base 7) to base 8
-2
Convert -10 (base 10) to base 3.
-101
-1 (base 5) to base 13
-1
-37 (base 14) to base 8
-61
350 (base 7) to base 14
d0
What is -66 (base 9) in base 5?
-220
Convert -5 (base 11) to base 13.
-5
What is -16 (base 11) in base 7?
-23
Convert 23 (base 6) to base 12.
13
-9 (base 10) to base 7
-12
What is 36 (base 10) in base 11?
33
What is 16 (base 10) in base 3?
121
What is -1020 (base 3) in base 13?
-27
Convert 27 (base 16) to base 4.
213
What is -10 (base 9) in base 16?
-9
Convert 0 (base 4) to base 6.
0
-7 (base 13) to base 5
-12
Convert 74 (base 11) to base 6.
213
Convert 2 (base 5) to base 12.
2
What is -1 (base 13) in base 11?
-1
What is 11222 (base 3) in base 16?
86
-190 (base 12) to base 6
-1100
What is -f7 (base 16) in base 3?
-100011
-18 (base 13) to base 8
-25
-1010011 (base 2) to base 7
-146
Convert 1 (base 3) to base 6.
1
Convert 188 (base 13) to base 4.
10121
11 (base 7) to base 8
10
What is 3 (base 5) in base 16?
3
Convert 3 (base 4) to base 6.
3
What is 10 (base 6) in base 9?
6
Convert 1 (base 3) to base 6.
1
Convert -1c (base 15) to base 9.
-30
2 (base 8) to base 4
2
-10 (base 10) to base 8
-12
What is 152 (base 8) in base 5?
411
2 (base 9) to base 16
2
11 (base 3) to base 10
4
2a (base 16) to base 9
46
Convert 4 (base 6) to base 3.
11
-24 (base 15) to base 10
-34
-3 (base 4) to base 9
-3
What is -62 (base 9) in base 10?
-56
What is 1 (base 7) in base 13?
1
-1 (base 10) to base 8
-1
What is -1010 (base 2) in base 16?
-a
What is 3 (base 9) in base 16?
3
Convert -5 (base 10) to base 11.
-5
What is 3 (base 6) in base 14?
3
Convert -22222 (base 3) to base 13.
-158
10110110 (base 2) to base 7
350
What is -36 (base 12) in base 5?
-132
Convert -2 (base 12) to base 4.
-2
Convert -2 (base 16) to base 12.
-2
What is -323 (base 5) in base 16?
-58
Convert 0 (base 13) to base 10.
0
What is 10 (base 2) in base 11?
2
What is -7 (base 8) in base 13?
-7
Convert 0 (base 4) to base 7.
0
What is 11 (base 4) in base 13?
5
6 (base 15) to base 16
6
-2e (base 15) to base 10
-44
Convert 43 (base 15) to base 11.
58
Convert -606 (base 7) to base 6.
-1220
What is 22 (base 12) in base 13?
20
Convert -c (base 14) to base 7.
-15
Convert -1 (base 6) to base 10.
-1
What is -35 (base 16) in base 9?
-58
Convert 50 (base 10) to base 14.
38
What is 3 (base 10) in base 3?
10
0 (base 15) to base 9
0
What is -33 (base 6) in base 4?
-111
Convert 223 (base 4) to base 8.
53
2 (base 11) to base 5
2
-7 (base 12) to base 14
-7
Convert 1000 (base 2) to base 14.
8
What is -231 (base 4) in base 12?
-39
Convert -3 (base 4) to base 11.
-3
What is 0 (base 5) in base 7?
0
3 (base 13) to base 16
3
What is 3 (base 15) in base 3?
10
147 (base 15) to base 14
16c
3031 (base 4) to base 15
da
What is 134 (base 14) in base 5?
1432
10000 (base 2) to base 15
11
Convert -4 (base 15) to base 14.
-4
Convert 11 (base 7) to base 13.
8
0 (base 11) to base 9
0
Convert 9a (base 15) to base 13.
b2
-143 (base 8) to base 3
-10200
Convert 3 (base 9) to base 2.
11
Convert -2 (base 11) to base 5.
-2
What is -2 (base 6) in base 11?
-2
What is 120 (base 5) in base 7?
50
342 (base 9) to base 11
236
3 (base 12) to base 10
3
Convert -14 (base 8) to base 3.
-110
12 (base 5) to base 12
7
Convert 8 (base 14) to base 15.
8
Convert 226 (base 7) to base 14.
86
10110110 (base 2) to base 16
b6
Convert 0 (base 9) to base 8.
0
Convert d0 (base 16) to base 7.
415
-174 (base 8) to base 4
-1330
What is 10 (base 2) in base 15?
2
What is 45 (base 6) in base 10?
29
-1 (base 2) to base 6
-1
Convert -20 (base 5) to base 8.
-12
-12 (base 9) to base 7
-14
-8d (base 15) to base 2
-10000101
What is -100101 (base 2) in base 13?
-2b
Convert 12 (base 9) to base 11.
10
Convert -5 (base 9) to base 11.
-5
What is 1 (base 10) in base 3?
1
89 (base 12) to base 4
1221
Convert -7 (base 9) to base 6.
-11
Convert -44 (base 8) to base 5.
-121
1102 (base 3) to base 12
32
57 (base 8) to base 13
38
-12 (base 6) to base 4
-20
Convert 23 (base 9) to base 8.
25
What is 220 (base 3) in base 13?
1b
-4 (base 5) to base 15
-4
Convert 81 (base 12) to base 8.
141
210 (base 11) to base 12
191
Convert -11 (base 9) to base 3.
-101
Convert -1 (base 6) to base 14.
-1
What is -2 (base 14) in base 16?
-2
Convert -4 (base 7) to base 2.
-100
What is -10 (base 6) in base 12?
-6
Convert 222 (base 3) to base 10.
26
100010110 (base 2) to base 15
138
23 (base 4) to base 3
102
Convert 15 (base 16) to base 14.
17
28 (base 12) to base 9
35
Convert -2000 (base 5) to base 15.
-11a
What is 4 (base 8) in base 12?
4
Convert -1a (base 15) to base 9.
-27
Convert 1d (base 15) to base 9.
31
Convert 213 (base 6) to base 5.
311
What is -8 (base 9) in base 16?
-8
What is -210 (base 5) in base 2?
-110111
-18 (base 11) to base 4
-103
Convert 2b (base 12) to base 2.
100011
What is -31 (base 12) in base 3?
-1101
What is -100001 (base 2) in base 7?
-45
What is 40 (base 5) in base 8?
24
What is -c (base 16) in base 7?
-15
Convert -b (base 13) to base 14.
-b
What is -9 (base 16) in base 4?
-21
2 (base 14) to base 16
2
-a9 (base 14) to base 11
-126
1 (base 11) to base 7
1
33 (base 6) to base 5
41
What is -10 (base 4) in base 10?
-4
-400 (base 6) to base 12
-100
-33 (base 5) to base 8
-22
344 (base 6) to base 16
88
What is 6 (base 8) in base 9?
6
Convert -3 (base 9) to base 5.
-3
45 (base 8) to base 12
31
What is -1010 (base 3) in base 12?
-26
What is 1 (base 4) in base 11?
1
Convert -7 (base 13) to base 5.
-12
What is -9 (base 10) in base 11?
-9
What is 6 (base 9) in base 4?
12
Convert 7 (base 8) to base 13.
7
116 (base 13) to base 5
1223
-26 (base 7) to base 8
-24
Convert -11 (base 14) to base 9.
-16
What is -2 (base 14) in base 13?
-2
What is -7 (base 14) in base 10?
-7
Convert 0 (base 14) to base 13.
0
Convert 5 (base 14) to base 12.
5
What is -4 (base 15) in base 7?
-4
What is -25 (base 7) in base 16?
-13
What is 1213 (base 5) in base 15?
c3
-5 (base 8) to base 10
-5
What is 0 (base 10) in base 2?
0
Convert 61 (base 8) to base 16.
31
Convert -10010 (base 2) to base 13.
-15
-2001 (base 3) to base 14
-3d
What is 101000101 (base 2) in base 10?
325
Convert 1022 (base 4) to base 14.
54
-a (base 15) to base 11
-a
Convert -161 (base 8) to base 10.
-113
-1 (base 5) to base 3
-1
What is -23 (base 4) in base 11?
-10
What is -2 (base 13) in base 14?
-2
133 (base 6) to base 8
71
1330 (base 4) to base 9
147
What is a (base 16) in base 9?
11
Convert -43 (base 5) to base 7.
-32
Convert 44 (base 7) to base 14.
24
Convert -1 (base 2) to base 5.
-1
What is 1121 (base 4) in base 16?
59
5 (base 12) to base 14
5
Convert 202 (base 3) to base 2.
10100
What is 1 (base 6) in base 14?
1
What is 1000 (base 2) in base 7?
11
Convert